{"id":823,"date":"2013-03-08T19:34:22","date_gmt":"2013-03-08T18:34:22","guid":{"rendered":"http:\/\/www.reloader.ch\/rock-cover-band\/?page_id=823"},"modified":"2018-10-07T15:02:29","modified_gmt":"2018-10-07T13:02:29","slug":"zurifascht-2007","status":"publish","type":"page","link":"https:\/\/www.reloader.ch\/rock-cover-band\/zurifascht-2007\/","title":{"rendered":"Z\u00fcrif\u00e4scht 2007"},"content":{"rendered":"<figure id=\"attachment_827\" aria-describedby=\"caption-attachment-827\" style=\"width: 130px\" class=\"wp-caption alignleft\"><a href=\"https:\/\/www.reloader.ch\/rock-cover-band\/wp-content\/uploads\/2013\/03\/PICT0098.jpg\"><img loading=\"lazy\" decoding=\"async\" class=\"size-thumbnail wp-image-827\" src=\"https:\/\/www.reloader.ch\/rock-cover-band\/wp-content\/uploads\/2013\/03\/PICT0098-150x150.jpg\" alt=\"Z\u00fcrif\u00e4scht 2007\" width=\"130\" height=\"130\" srcset=\"https:\/\/www.reloader.ch\/rock-cover-band\/wp-content\/uploads\/2013\/03\/PICT0098-150x150.jpg 150w, https:\/\/www.reloader.ch\/rock-cover-band\/wp-content\/uploads\/2013\/03\/PICT0098-300x300.jpg 300w, https:\/\/www.reloader.ch\/rock-cover-band\/wp-content\/uploads\/2013\/03\/PICT0098-100x100.jpg 100w\" sizes=\"auto, (max-width: 130px) 100vw, 130px\" \/><\/a><figcaption id=\"caption-attachment-827\" class=\"wp-caption-text\">Z\u00fcrif\u00e4scht 2007<\/figcaption><\/figure>\n<h4>Zwei unvergessliche Gigs am Z\u00fcrif\u00e4scht 2007<\/h4>\n<p>Das Z\u00fcrif\u00e4scht 2007 war quasi die Feuertaufe von <strong>RELOADER.<\/strong> Die Band stand zum ersten Mal in dieser Formation gemeinsam auf der B\u00fchne. Zwischen Luftgitarren-Contest und Feuerwerk beschallten <strong>RELOADER<\/strong> an beiden Abenden das Fest und liessen die Puppen tanzen. Die Girls von \u00abCoyote Ugly\u00bb liessen nichts anbrennen und heizten dem Publikum zus\u00e4tzlich ein. Als zus\u00e4tzliches Goodie wurde die Band von Chriss von Rohr anmoderiert und bot dem alten Hasen von Krokus ultimativ \u00abmeh dr\u00e4ck\u00bb!<\/p>\n<div class='polaroid-gallery galleryid-823' style='width:600px;'>\n\t\t\t<a href=\"https:\/\/www.reloader.ch\/rock-cover-band\/wp-content\/uploads\/2013\/03\/PICT0114.jpg\" title=\"Let\u2019s Dance!\" rel=\"polaroid_143261673\" class=\"polaroid-gallery-item showcaption\"><span class=\"polaroid-gallery-image\" title=\"Let\u2019s Dance!\" style=\"background-image: url(https:\/\/www.reloader.ch\/rock-cover-band\/wp-content\/uploads\/2013\/03\/PICT0114-150x150.jpg); width: 130px; height: 130px;\"><\/span><\/a>\n\t\t\t<a href=\"https:\/\/www.reloader.ch\/rock-cover-band\/wp-content\/uploads\/2013\/03\/PICT0109b.jpg\" title=\"Roli \u00abThe Voice\u00bb im Element\" rel=\"polaroid_143261673\" class=\"polaroid-gallery-item showcaption\"><span class=\"polaroid-gallery-image\" title=\"Roli \u00abThe Voice\u00bb im Element\" style=\"background-image: url(https:\/\/www.reloader.ch\/rock-cover-band\/wp-content\/uploads\/2013\/03\/PICT0109b-150x150.jpg); width: 130px; height: 130px;\"><\/span><\/a>\n\t\t\t<a href=\"https:\/\/www.reloader.ch\/rock-cover-band\/wp-content\/uploads\/2013\/03\/PICT0176.jpg\" title=\"This Kid Is Really Ugly!\" rel=\"polaroid_143261673\" class=\"polaroid-gallery-item showcaption\"><span class=\"polaroid-gallery-image\" title=\"Ugly Kid &#8230;This Kid Is Really Ugly!\" style=\"background-image: url(https:\/\/www.reloader.ch\/rock-cover-band\/wp-content\/uploads\/2013\/03\/PICT0176-150x150.jpg); width: 130px; height: 130px;\"><\/span><\/a>\n\t\t\t<a href=\"https:\/\/www.reloader.ch\/rock-cover-band\/wp-content\/uploads\/2013\/03\/PICT0159.jpg\" title=\"Meh Dr\u00e4ck am Z\u00fcrif\u00e4scht!\" rel=\"polaroid_143261673\" class=\"polaroid-gallery-item showcaption\"><span class=\"polaroid-gallery-image\" title=\"Meh Dr\u00e4ck am Z\u00fcrif\u00e4scht!\" style=\"background-image: url(https:\/\/www.reloader.ch\/rock-cover-band\/wp-content\/uploads\/2013\/03\/PICT0159-150x150.jpg); width: 130px; height: 130px;\"><\/span><\/a>\n\t\t\t<br style=\"clear: both;\" \/>\n\t\t\t<a href=\"https:\/\/www.reloader.ch\/rock-cover-band\/wp-content\/uploads\/2013\/03\/PICT0150b.jpg\" title=\"Lidstrich oder Liedstrich &#8230;\" rel=\"polaroid_143261673\" class=\"polaroid-gallery-item showcaption\"><span class=\"polaroid-gallery-image\" title=\"Lidstrich oder Liedstrich &#8230;\" style=\"background-image: url(https:\/\/www.reloader.ch\/rock-cover-band\/wp-content\/uploads\/2013\/03\/PICT0150b-150x150.jpg); width: 130px; height: 130px;\"><\/span><\/a>\n\t\t\t<a href=\"https:\/\/www.reloader.ch\/rock-cover-band\/wp-content\/uploads\/2013\/03\/PICT0089.jpg\" title=\"Nicht nur der Z\u00fcrcher Himmel brennt.\" rel=\"polaroid_143261673\" class=\"polaroid-gallery-item showcaption\"><span class=\"polaroid-gallery-image\" title=\"Nicht nur der Z\u00fcrcher Himmel brennt.\" style=\"background-image: url(https:\/\/www.reloader.ch\/rock-cover-band\/wp-content\/uploads\/2013\/03\/PICT0089-150x150.jpg); width: 130px; height: 130px;\"><\/span><\/a>\n\t\t\t<a href=\"https:\/\/www.reloader.ch\/rock-cover-band\/wp-content\/uploads\/2013\/03\/PICT0008.jpg\" title=\"Puppet-Show!\" rel=\"polaroid_143261673\" class=\"polaroid-gallery-item showcaption\"><span class=\"polaroid-gallery-image\" title=\"Puppet-Show!\" style=\"background-image: url(https:\/\/www.reloader.ch\/rock-cover-band\/wp-content\/uploads\/2013\/03\/PICT0008-150x150.jpg); width: 130px; height: 130px;\"><\/span><\/a>\n\t\t\t<a href=\"https:\/\/www.reloader.ch\/rock-cover-band\/wp-content\/uploads\/2013\/03\/PICT0175.jpg\" title=\"Let There Be Rock!\" rel=\"polaroid_143261673\" class=\"polaroid-gallery-item showcaption\"><span class=\"polaroid-gallery-image\" title=\"Let There Be Rock!\" style=\"background-image: url(https:\/\/www.reloader.ch\/rock-cover-band\/wp-content\/uploads\/2013\/03\/PICT0175-150x150.jpg); width: 130px; height: 130px;\"><\/span><\/a>\n\t\t\t<br style=\"clear: both;\" \/>\n\t\t\t<a href=\"https:\/\/www.reloader.ch\/rock-cover-band\/wp-content\/uploads\/2013\/03\/PICT0150.jpg\" title=\"Ugly Girls r\u00fccken \u00abThe Voice\u00bb auf die Pelle.\" rel=\"polaroid_143261673\" class=\"polaroid-gallery-item showcaption\"><span class=\"polaroid-gallery-image\" title=\"Ugly Girls r\u00fccken \u00abThe Voice\u00bb auf die Pelle.\" style=\"background-image: url(https:\/\/www.reloader.ch\/rock-cover-band\/wp-content\/uploads\/2013\/03\/PICT0150-150x150.jpg); width: 130px; height: 130px;\"><\/span><\/a>\n\t\t\t<a href=\"https:\/\/www.reloader.ch\/rock-cover-band\/wp-content\/uploads\/2013\/03\/PICT0139.jpg\" title=\"When We Where Young!\" rel=\"polaroid_143261673\" class=\"polaroid-gallery-item showcaption\"><span class=\"polaroid-gallery-image\" title=\"When We Where Young!\" style=\"background-image: url(https:\/\/www.reloader.ch\/rock-cover-band\/wp-content\/uploads\/2013\/03\/PICT0139-150x150.jpg); width: 130px; height: 130px;\"><\/span><\/a>\n\t\t\t<a href=\"https:\/\/www.reloader.ch\/rock-cover-band\/wp-content\/uploads\/2013\/03\/PICT0137.jpg\" title=\"Ist das nicht ne geile Sause?\" rel=\"polaroid_143261673\" class=\"polaroid-gallery-item showcaption\"><span class=\"polaroid-gallery-image\" title=\"Ist das nicht ne geile Sause?\" style=\"background-image: url(https:\/\/www.reloader.ch\/rock-cover-band\/wp-content\/uploads\/2013\/03\/PICT0137-150x150.jpg); width: 130px; height: 130px;\"><\/span><\/a>\n\t\t\t<a href=\"https:\/\/www.reloader.ch\/rock-cover-band\/wp-content\/uploads\/2013\/03\/PICT0177.jpg\" title=\"Ohne Worte!!!\" rel=\"polaroid_143261673\" class=\"polaroid-gallery-item showcaption\"><span class=\"polaroid-gallery-image\" title=\"Ohne Worte!!!\" style=\"background-image: url(https:\/\/www.reloader.ch\/rock-cover-band\/wp-content\/uploads\/2013\/03\/PICT0177-150x150.jpg); width: 130px; height: 130px;\"><\/span><\/a>\n\t\t\t<br style=\"clear: both;\" \/>\n\t\t\t<a href=\"https:\/\/www.reloader.ch\/rock-cover-band\/wp-content\/uploads\/2013\/03\/PICT0134.jpg\" title=\"Scari maltr\u00e4tiert seine Klampfe\" rel=\"polaroid_143261673\" class=\"polaroid-gallery-item showcaption\"><span class=\"polaroid-gallery-image\" title=\"Scari maltr\u00e4tiert seine Klampfe\" style=\"background-image: url(https:\/\/www.reloader.ch\/rock-cover-band\/wp-content\/uploads\/2013\/03\/PICT0134-150x150.jpg); width: 130px; height: 130px;\"><\/span><\/a>\n\t\t\t<a href=\"https:\/\/www.reloader.ch\/rock-cover-band\/wp-content\/uploads\/2013\/03\/PICT0132.jpg\" title=\"R\u00f6ck\u2019n R\u00f6ll @ Z\u00fcrif\u00e4scht\" rel=\"polaroid_143261673\" class=\"polaroid-gallery-item showcaption\"><span class=\"polaroid-gallery-image\" title=\"R\u00f6ck\u2019n R\u00f6ll @ Z\u00fcrif\u00e4scht\" style=\"background-image: url(https:\/\/www.reloader.ch\/rock-cover-band\/wp-content\/uploads\/2013\/03\/PICT0132-150x150.jpg); width: 130px; height: 130px;\"><\/span><\/a>\n\t\t\t<a href=\"https:\/\/www.reloader.ch\/rock-cover-band\/wp-content\/uploads\/2013\/03\/PICT0113.jpg\" title=\"Sing f\u00fcr mich, sing!\" rel=\"polaroid_143261673\" class=\"polaroid-gallery-item showcaption\"><span class=\"polaroid-gallery-image\" title=\"Sing f\u00fcr mich, sing!\" style=\"background-image: url(https:\/\/www.reloader.ch\/rock-cover-band\/wp-content\/uploads\/2013\/03\/PICT0113-150x150.jpg); width: 130px; height: 130px;\"><\/span><\/a>\n\t\t\t<a href=\"https:\/\/www.reloader.ch\/rock-cover-band\/wp-content\/uploads\/2013\/03\/KEH6912.jpeg\" title=\"Master Of Puppets!\" rel=\"polaroid_143261673\" class=\"polaroid-gallery-item showcaption\"><span class=\"polaroid-gallery-image\" title=\"Master Of Puppets!\" style=\"background-image: url(https:\/\/www.reloader.ch\/rock-cover-band\/wp-content\/uploads\/2013\/03\/KEH6912-150x150.jpeg); width: 130px; height: 130px;\"><\/span><\/a>\n\t\t\t<br style=\"clear: both;\" \/>\n\t\t\t<a href=\"https:\/\/www.reloader.ch\/rock-cover-band\/wp-content\/uploads\/2013\/03\/PICT0098b.jpg\" title=\"Spotlights In The Air!\" rel=\"polaroid_143261673\" class=\"polaroid-gallery-item showcaption\"><span class=\"polaroid-gallery-image\" title=\"Spotlights In The Air!\" style=\"background-image: url(https:\/\/www.reloader.ch\/rock-cover-band\/wp-content\/uploads\/2013\/03\/PICT0098b-150x150.jpg); width: 130px; height: 130px;\"><\/span><\/a>\n\t\t\t<a href=\"https:\/\/www.reloader.ch\/rock-cover-band\/wp-content\/uploads\/2013\/03\/PICT0044.jpg\" title=\"Move On The Stage.\" rel=\"polaroid_143261673\" class=\"polaroid-gallery-item showcaption\"><span class=\"polaroid-gallery-image\" title=\"Move On The Stage.\" style=\"background-image: url(https:\/\/www.reloader.ch\/rock-cover-band\/wp-content\/uploads\/2013\/03\/PICT0044-150x150.jpg); width: 130px; height: 130px;\"><\/span><\/a>\n\t\t\t<a href=\"https:\/\/www.reloader.ch\/rock-cover-band\/wp-content\/uploads\/2013\/03\/PICT0020.jpg\" title=\"Unforgettable Moments!\" rel=\"polaroid_143261673\" class=\"polaroid-gallery-item showcaption\"><span class=\"polaroid-gallery-image\" title=\"Unforgettable Moments!\" style=\"background-image: url(https:\/\/www.reloader.ch\/rock-cover-band\/wp-content\/uploads\/2013\/03\/PICT0020-150x150.jpg); width: 130px; height: 130px;\"><\/span><\/a>\n\t\t\t<a href=\"https:\/\/www.reloader.ch\/rock-cover-band\/wp-content\/uploads\/2013\/03\/PICT0136.jpg\" title=\"Patrick Arnet am Bass.\" rel=\"polaroid_143261673\" class=\"polaroid-gallery-item showcaption\"><span class=\"polaroid-gallery-image\" title=\"Patrick Arnet am Bass.\" style=\"background-image: url(https:\/\/www.reloader.ch\/rock-cover-band\/wp-content\/uploads\/2013\/03\/PICT0136-150x150.jpg); width: 130px; height: 130px;\"><\/span><\/a>\n\t\t\t<br style=\"clear: both;\" \/>\n\t\t\t<a href=\"https:\/\/www.reloader.ch\/rock-cover-band\/wp-content\/uploads\/2013\/03\/PICT0018.jpg\" title=\"AHHHHHH!!!\" rel=\"polaroid_143261673\" class=\"polaroid-gallery-item showcaption\"><span class=\"polaroid-gallery-image\" title=\"AHHHHHH!!!\" style=\"background-image: url(https:\/\/www.reloader.ch\/rock-cover-band\/wp-content\/uploads\/2013\/03\/PICT0018-150x150.jpg); width: 130px; height: 130px;\"><\/span><\/a>\n\t\t\t<a href=\"https:\/\/www.reloader.ch\/rock-cover-band\/wp-content\/uploads\/2013\/03\/PICT0065.jpg\" title=\"OHHHHHH!!!\" rel=\"polaroid_143261673\" class=\"polaroid-gallery-item showcaption\"><span class=\"polaroid-gallery-image\" title=\"OHHHHHH!!!\" style=\"background-image: url(https:\/\/www.reloader.ch\/rock-cover-band\/wp-content\/uploads\/2013\/03\/PICT0065-150x150.jpg); width: 130px; height: 130px;\"><\/span><\/a>\n\t\t\t<a href=\"https:\/\/www.reloader.ch\/rock-cover-band\/wp-content\/uploads\/2013\/03\/PICT0083.jpg\" title=\"UHHHHHH!!!\" rel=\"polaroid_143261673\" class=\"polaroid-gallery-item showcaption\"><span class=\"polaroid-gallery-image\" title=\"UHHHHHH!!!\" style=\"background-image: url(https:\/\/www.reloader.ch\/rock-cover-band\/wp-content\/uploads\/2013\/03\/PICT0083-150x150.jpg); width: 130px; height: 130px;\"><\/span><\/a>\n\t\t\t<a href=\"https:\/\/www.reloader.ch\/rock-cover-band\/wp-content\/uploads\/2013\/03\/PICT0098.jpg\" title=\"Z\u00fcrif\u00e4scht 2007, Feuerwerk\" rel=\"polaroid_143261673\" class=\"polaroid-gallery-item showcaption\"><span class=\"polaroid-gallery-image\" title=\"Z\u00fcrif\u00e4scht 2007\" style=\"background-image: url(https:\/\/www.reloader.ch\/rock-cover-band\/wp-content\/uploads\/2013\/03\/PICT0098-150x150.jpg); width: 130px; height: 130px;\"><\/span><\/a>\n\t\t\t<br style=\"clear: both;\" \/>\n\t\t\t<a href=\"https:\/\/www.reloader.ch\/rock-cover-band\/wp-content\/uploads\/2013\/03\/PICT0081.jpg\" title=\"Sch\u00f6n war\u2019s!\" rel=\"polaroid_143261673\" class=\"polaroid-gallery-item showcaption\"><span class=\"polaroid-gallery-image\" title=\"Sch\u00f6n war\u2019s!\" style=\"background-image: url(https:\/\/www.reloader.ch\/rock-cover-band\/wp-content\/uploads\/2013\/03\/PICT0081-150x150.jpg); width: 130px; height: 130px;\"><\/span><\/a>\n\t\t\t<br style=\"clear: both;\" \/><\/div>\n\n","protected":false},"excerpt":{"rendered":"<p>Zwei unvergessliche Gigs am Z\u00fcrif\u00e4scht 2007 Das Z\u00fcrif\u00e4scht 2007 war quasi die Feuertaufe von RELOADER. Die Band stand zum ersten Mal in dieser Formation gemeinsam auf der B\u00fchne. Zwischen Luftgitarren-Contest und Feuerwerk beschallten RELOADER an beiden Abenden das Fest und liessen die Puppen tanzen. Die Girls von \u00abCoyote Ugly\u00bb liessen nichts anbrennen und heizten dem&#8230;<\/p>\n<p><a rel=\"bookmark\" class=\"loud_button_alt wvc-button wvc-button-size-xs\" href=\"https:\/\/www.reloader.ch\/rock-cover-band\/zurifascht-2007\/\"><span>Continue reading<\/span><\/a><\/p>\n","protected":false},"author":1,"featured_media":838,"parent":0,"menu_order":0,"comment_status":"closed","ping_status":"closed","template":"","meta":{"footnotes":""},"class_list":{"0":"post-823","1":"page","2":"type-page","3":"status-publish","4":"has-post-thumbnail","5":"hentry","6":"entry","7":"clearfix","8":"entry-grid","9":"entry-columns-default","10":"entry-page-module-layout-standard","11":"thumbnail-color-tone-dark","12":"entry-page","14":"entry-page-grid"},"_links":{"self":[{"href":"https:\/\/www.reloader.ch\/rock-cover-band\/wp-json\/wp\/v2\/pages\/823","targetHints":{"allow":["GET"]}}],"collection":[{"href":"https:\/\/www.reloader.ch\/rock-cover-band\/wp-json\/wp\/v2\/pages"}],"about":[{"href":"https:\/\/www.reloader.ch\/rock-cover-band\/wp-json\/wp\/v2\/types\/page"}],"author":[{"embeddable":true,"href":"https:\/\/www.reloader.ch\/rock-cover-band\/wp-json\/wp\/v2\/users\/1"}],"replies":[{"embeddable":true,"href":"https:\/\/www.reloader.ch\/rock-cover-band\/wp-json\/wp\/v2\/comments?post=823"}],"version-history":[{"count":26,"href":"https:\/\/www.reloader.ch\/rock-cover-band\/wp-json\/wp\/v2\/pages\/823\/revisions"}],"predecessor-version":[{"id":6079,"href":"https:\/\/www.reloader.ch\/rock-cover-band\/wp-json\/wp\/v2\/pages\/823\/revisions\/6079"}],"wp:featuredmedia":[{"embeddable":true,"href":"https:\/\/www.reloader.ch\/rock-cover-band\/wp-json\/wp\/v2\/media\/838"}],"wp:attachment":[{"href":"https:\/\/www.reloader.ch\/rock-cover-band\/wp-json\/wp\/v2\/media?parent=823"}],"curies":[{"name":"wp","href":"https:\/\/api.w.org\/{rel}","templated":true}]}}